{"version":"1.0","provider_name":"Soci\u00e9t\u00e9 de logement communautaire d\u2019Ottawa","provider_url":"https:\/\/www.och-lco.ca\/fr\/","author_name":"Scott Buckingham","author_url":"https:\/\/www.och-lco.ca\/fr\/author\/wuo5ktiwlcj1ifqd198\/","title":"COMMUNIQU\u00c9 DE PRESSE: Le 811, avenue Gladstone \u2013 Abordable, durable, convivial - Soci\u00e9t\u00e9 de logement communautaire d\u2019Ottawa","type":"rich","width":600,"height":338,"html":"<blockquote class=\"wp-embedded-content\" data-secret=\"QOkAAgxH7R\"><a href=\"https:\/\/www.och-lco.ca\/fr\/811gladstonetb\/\">COMMUNIQU\u00c9 DE PRESSE: Le 811, avenue Gladstone \u2013 Abordable, durable, convivial<\/a><\/blockquote><iframe sandbox=\"allow-scripts\" security=\"restricted\" src=\"https:\/\/www.och-lco.ca\/fr\/811gladstonetb\/embed\/#?secret=QOkAAgxH7R\" width=\"600\" height=\"338\" title=\"\u00ab\u00a0COMMUNIQU\u00c9 DE PRESSE: Le 811, avenue Gladstone \u2013 Abordable, durable, convivial\u00a0\u00bb &#8212; Soci\u00e9t\u00e9 de logement communautaire d\u2019Ottawa\" data-secret=\"QOkAAgxH7R\" frameborder=\"0\" marginwidth=\"0\" marginheight=\"0\" scrolling=\"no\" class=\"wp-embedded-content\"><\/iframe><script type=\"text\/javascript\">\n\/* <![CDATA[ *\/\n\/*! This file is auto-generated *\/\n!function(d,l){\"use strict\";l.querySelector&&d.addEventListener&&\"undefined\"!=typeof URL&&(d.wp=d.wp||{},d.wp.receiveEmbedMessage||(d.wp.receiveEmbedMessage=function(e){var t=e.data;if((t||t.secret||t.message||t.value)&&!\/[^a-zA-Z0-9]\/.test(t.secret)){for(var s,r,n,a=l.querySelectorAll('iframe[data-secret=\"'+t.secret+'\"]'),o=l.querySelectorAll('blockquote[data-secret=\"'+t.secret+'\"]'),c=new RegExp(\"^https?:$\",\"i\"),i=0;i<o.length;i++)o[i].style.display=\"none\";for(i=0;i<a.length;i++)s=a[i],e.source===s.contentWindow&&(s.removeAttribute(\"style\"),\"height\"===t.message?(1e3<(r=parseInt(t.value,10))?r=1e3:~~r<200&&(r=200),s.height=r):\"link\"===t.message&&(r=new URL(s.getAttribute(\"src\")),n=new URL(t.value),c.test(n.protocol))&&n.host===r.host&&l.activeElement===s&&(d.top.location.href=t.value))}},d.addEventListener(\"message\",d.wp.receiveEmbedMessage,!1),l.addEventListener(\"DOMContentLoaded\",function(){for(var e,t,s=l.querySelectorAll(\"iframe.wp-embedded-content\"),r=0;r<s.length;r++)(t=(e=s[r]).getAttribute(\"data-secret\"))||(t=Math.random().toString(36).substring(2,12),e.src+=\"#?secret=\"+t,e.setAttribute(\"data-secret\",t)),e.contentWindow.postMessage({message:\"ready\",secret:t},\"*\")},!1)))}(window,document);\n\/\/# sourceURL=https:\/\/www.och-lco.ca\/wp-includes\/js\/wp-embed.min.js\n\/* ]]> *\/\n<\/script>\n","description":"OTTAWA, le 29 novembre 2019 \u2013 Ce matin, la conseill\u00e8re Catherine McKenney, pr\u00e9sidente du Comit\u00e9 de gestion du parc de logements de la Soci\u00e9t\u00e9 de logement communautaire d\u2019Ottawa (LCO), Cliff Youdale, directeur du D\u00e9veloppement de LCO, le Conseiller Mathieu Fleury, pr\u00e9sident du Conseil d\u2019administration de LCO, Gord Lorimer, principal chez Hobin Architecture et Pierre Whitty,...","thumbnail_url":"https:\/\/www.och-lco.ca\/wp-content\/uploads\/2023\/10\/Site-image-Yoast-SEO-.png","thumbnail_width":1200,"thumbnail_height":675}

Société de logement communautaire d’Ottawa

COMMUNIQUÉ DE PRESSE: Le 811, avenue Gladstone – Abordable, durable, convivial - Société de logement communautaire d’Ottawa

<blockquote class="wp-embedded-content" data-secret="QOkAAgxH7R"><a href="https://www.och-lco.ca/fr/811gladstonetb/">COMMUNIQUÉ DE PRESSE: Le 811, avenue Gladstone – Abordable, durable, convivial</a></blockquote><iframe sandbox="allow-scripts" security="restricted" src="https://www.och-lco.ca/fr/811gladstonetb/embed/#?secret=QOkAAgxH7R" width="600" height="338" title="« COMMUNIQUÉ DE PRESSE: Le 811, avenue Gladstone – Abordable, durable, convivial » &#8212; Société de logement communautaire d’Ottawa" data-secret="QOkAAgxH7R" frameborder="0" marginwidth="0" marginheight="0" scrolling="no" class="wp-embedded-content"></iframe><script type="text/javascript">
/* <![CDATA[ */
/*! This file is auto-generated */
!function(d,l){"use strict";l.querySelector&&d.addEventListener&&"undefined"!=typeof URL&&(d.wp=d.wp||{},d.wp.receiveEmbedMessage||(d.wp.receiveEmbedMessage=function(e){var t=e.data;if((t||t.secret||t.message||t.value)&&!/[^a-zA-Z0-9]/.test(t.secret)){for(var s,r,n,a=l.querySelectorAll('iframe[data-secret="'+t.secret+'"]'),o=l.querySelectorAll('blockquote[data-secret="'+t.secret+'"]'),c=new RegExp("^https?:$","i"),i=0;i<o.length;i++)o[i].style.display="none";for(i=0;i<a.length;i++)s=a[i],e.source===s.contentWindow&&(s.removeAttribute("style"),"height"===t.message?(1e3<(r=parseInt(t.value,10))?r=1e3:~~r<200&&(r=200),s.height=r):"link"===t.message&&(r=new URL(s.getAttribute("src")),n=new URL(t.value),c.test(n.protocol))&&n.host===r.host&&l.activeElement===s&&(d.top.location.href=t.value))}},d.addEventListener("message",d.wp.receiveEmbedMessage,!1),l.addEventListener("DOMContentLoaded",function(){for(var e,t,s=l.querySelectorAll("iframe.wp-embedded-content"),r=0;r<s.length;r++)(t=(e=s[r]).getAttribute("data-secret"))||(t=Math.random().toString(36).substring(2,12),e.src+="#?secret="+t,e.setAttribute("data-secret",t)),e.contentWindow.postMessage({message:"ready",secret:t},"*")},!1)))}(window,document);
//# sourceURL=https://www.och-lco.ca/wp-includes/js/wp-embed.min.js
/* ]]> */
</script>

OTTAWA, le 29 novembre 2019 – Ce matin, la conseillère Catherine McKenney, présidente du Comité de gestion du parc de logements de la Société de logement communautaire d’Ottawa (LCO), Cliff Youdale, directeur du Développement de LCO, le Conseiller Mathieu Fleury, président du Conseil d’administration de LCO, Gord Lorimer, principal chez Hobin Architecture et Pierre Whitty,...
