{"version":"1.0","provider_name":"Soci\u00e9t\u00e9 de logement communautaire d\u2019Ottawa","provider_url":"https:\/\/www.och-lco.ca\/fr\/","author_name":"Scott Buckingham","author_url":"https:\/\/www.och-lco.ca\/fr\/author\/wuo5ktiwlcj1ifqd198\/","title":"INAUGURATION DE LOGEMENTS LOCATIFS ABORDABLES C\u00c9L\u00c9BR\u00c9E \u00c0 OTTAWA - Soci\u00e9t\u00e9 de logement communautaire d\u2019Ottawa","type":"rich","width":600,"height":338,"html":"<blockquote class=\"wp-embedded-content\" data-secret=\"GSLZSD8bwC\"><a href=\"https:\/\/www.och-lco.ca\/fr\/inauguration-de-logements-locatifs-abordables-celebree-ottawa\/\">INAUGURATION DE LOGEMENTS LOCATIFS ABORDABLES C\u00c9L\u00c9BR\u00c9E \u00c0 OTTAWA<\/a><\/blockquote><iframe sandbox=\"allow-scripts\" security=\"restricted\" src=\"https:\/\/www.och-lco.ca\/fr\/inauguration-de-logements-locatifs-abordables-celebree-ottawa\/embed\/#?secret=GSLZSD8bwC\" width=\"600\" height=\"338\" title=\"\u00ab\u00a0INAUGURATION DE LOGEMENTS LOCATIFS ABORDABLES C\u00c9L\u00c9BR\u00c9E \u00c0 OTTAWA\u00a0\u00bb &#8212; Soci\u00e9t\u00e9 de logement communautaire d\u2019Ottawa\" data-secret=\"GSLZSD8bwC\" frameborder=\"0\" marginwidth=\"0\" marginheight=\"0\" scrolling=\"no\" class=\"wp-embedded-content\"><\/iframe><script type=\"text\/javascript\">\n\/* <![CDATA[ *\/\n\/*! This file is auto-generated *\/\n!function(d,l){\"use strict\";l.querySelector&&d.addEventListener&&\"undefined\"!=typeof URL&&(d.wp=d.wp||{},d.wp.receiveEmbedMessage||(d.wp.receiveEmbedMessage=function(e){var t=e.data;if((t||t.secret||t.message||t.value)&&!\/[^a-zA-Z0-9]\/.test(t.secret)){for(var s,r,n,a=l.querySelectorAll('iframe[data-secret=\"'+t.secret+'\"]'),o=l.querySelectorAll('blockquote[data-secret=\"'+t.secret+'\"]'),c=new RegExp(\"^https?:$\",\"i\"),i=0;i<o.length;i++)o[i].style.display=\"none\";for(i=0;i<a.length;i++)s=a[i],e.source===s.contentWindow&&(s.removeAttribute(\"style\"),\"height\"===t.message?(1e3<(r=parseInt(t.value,10))?r=1e3:~~r<200&&(r=200),s.height=r):\"link\"===t.message&&(r=new URL(s.getAttribute(\"src\")),n=new URL(t.value),c.test(n.protocol))&&n.host===r.host&&l.activeElement===s&&(d.top.location.href=t.value))}},d.addEventListener(\"message\",d.wp.receiveEmbedMessage,!1),l.addEventListener(\"DOMContentLoaded\",function(){for(var e,t,s=l.querySelectorAll(\"iframe.wp-embedded-content\"),r=0;r<s.length;r++)(t=(e=s[r]).getAttribute(\"data-secret\"))||(t=Math.random().toString(36).substring(2,12),e.src+=\"#?secret=\"+t,e.setAttribute(\"data-secret\",t)),e.contentWindow.postMessage({message:\"ready\",secret:t},\"*\")},!1)))}(window,document);\n\/\/# sourceURL=https:\/\/www.och-lco.ca\/wp-includes\/js\/wp-embed.min.js\n\/* ]]> *\/\n<\/script>\n","thumbnail_url":"https:\/\/www.och-lco.ca\/wp-content\/uploads\/2022\/12\/20180206_173025-scaled.jpg","thumbnail_width":2560,"thumbnail_height":1347,"description":"POUR DIFFUSION IMM\u00c9DIATE &#8211; 6 f\u00e9vrier 2018 INAUGURATION DE LOGEMENTS LOCATIFS ABORDABLES C\u00c9L\u00c9BR\u00c9E \u00c0 OTTAWA Ottawa (Ontario) \u2013 Un plus grand nombre de familles, d\u2019a\u00een\u00e9s, d\u2019hommes et de femmes vivant dans la rue et de personnes handicap\u00e9es auront maintenant un chez-soi \u00e0 Ottawa. Les gouvernements f\u00e9d\u00e9ral et provincial et l\u2019administration municipale investissent conjointement plus de..."}

Société de logement communautaire d’Ottawa

INAUGURATION DE LOGEMENTS LOCATIFS ABORDABLES CÉLÉBRÉE À OTTAWA - Société de logement communautaire d’Ottawa

<blockquote class="wp-embedded-content" data-secret="GSLZSD8bwC"><a href="https://www.och-lco.ca/fr/inauguration-de-logements-locatifs-abordables-celebree-ottawa/">INAUGURATION DE LOGEMENTS LOCATIFS ABORDABLES CÉLÉBRÉE À OTTAWA</a></blockquote><iframe sandbox="allow-scripts" security="restricted" src="https://www.och-lco.ca/fr/inauguration-de-logements-locatifs-abordables-celebree-ottawa/embed/#?secret=GSLZSD8bwC" width="600" height="338" title="« INAUGURATION DE LOGEMENTS LOCATIFS ABORDABLES CÉLÉBRÉE À OTTAWA » &#8212; Société de logement communautaire d’Ottawa" data-secret="GSLZSD8bwC" frameborder="0" marginwidth="0" marginheight="0" scrolling="no" class="wp-embedded-content"></iframe><script type="text/javascript">
/* <![CDATA[ */
/*! This file is auto-generated */
!function(d,l){"use strict";l.querySelector&&d.addEventListener&&"undefined"!=typeof URL&&(d.wp=d.wp||{},d.wp.receiveEmbedMessage||(d.wp.receiveEmbedMessage=function(e){var t=e.data;if((t||t.secret||t.message||t.value)&&!/[^a-zA-Z0-9]/.test(t.secret)){for(var s,r,n,a=l.querySelectorAll('iframe[data-secret="'+t.secret+'"]'),o=l.querySelectorAll('blockquote[data-secret="'+t.secret+'"]'),c=new RegExp("^https?:$","i"),i=0;i<o.length;i++)o[i].style.display="none";for(i=0;i<a.length;i++)s=a[i],e.source===s.contentWindow&&(s.removeAttribute("style"),"height"===t.message?(1e3<(r=parseInt(t.value,10))?r=1e3:~~r<200&&(r=200),s.height=r):"link"===t.message&&(r=new URL(s.getAttribute("src")),n=new URL(t.value),c.test(n.protocol))&&n.host===r.host&&l.activeElement===s&&(d.top.location.href=t.value))}},d.addEventListener("message",d.wp.receiveEmbedMessage,!1),l.addEventListener("DOMContentLoaded",function(){for(var e,t,s=l.querySelectorAll("iframe.wp-embedded-content"),r=0;r<s.length;r++)(t=(e=s[r]).getAttribute("data-secret"))||(t=Math.random().toString(36).substring(2,12),e.src+="#?secret="+t,e.setAttribute("data-secret",t)),e.contentWindow.postMessage({message:"ready",secret:t},"*")},!1)))}(window,document);
//# sourceURL=https://www.och-lco.ca/wp-includes/js/wp-embed.min.js
/* ]]> */
</script>

POUR DIFFUSION IMMÉDIATE &#8211; 6 février 2018 INAUGURATION DE LOGEMENTS LOCATIFS ABORDABLES CÉLÉBRÉE À OTTAWA Ottawa (Ontario) – Un plus grand nombre de familles, d’aînés, d’hommes et de femmes vivant dans la rue et de personnes handicapées auront maintenant un chez-soi à Ottawa. Les gouvernements fédéral et provincial et l’administration municipale investissent conjointement plus de...
