{"version":"1.0","provider_name":"Soci\u00e9t\u00e9 de logement communautaire d\u2019Ottawa","provider_url":"https:\/\/www.och-lco.ca\/fr\/","author_name":"Scott Buckingham","author_url":"https:\/\/www.och-lco.ca\/fr\/author\/wuo5ktiwlcj1ifqd198\/","title":"Forum des partenaires de LCO - \u00e9dition 2018 - Soci\u00e9t\u00e9 de logement communautaire d\u2019Ottawa","type":"rich","width":600,"height":338,"html":"<blockquote class=\"wp-embedded-content\" data-secret=\"pd3KfM14IZ\"><a href=\"https:\/\/www.och-lco.ca\/fr\/lcofp18\/\">Forum des partenaires de LCO &#8211; \u00e9dition 2018<\/a><\/blockquote><iframe sandbox=\"allow-scripts\" security=\"restricted\" src=\"https:\/\/www.och-lco.ca\/fr\/lcofp18\/embed\/#?secret=pd3KfM14IZ\" width=\"600\" height=\"338\" title=\"\u00ab\u00a0Forum des partenaires de LCO &#8211; \u00e9dition 2018\u00a0\u00bb &#8212; Soci\u00e9t\u00e9 de logement communautaire d\u2019Ottawa\" data-secret=\"pd3KfM14IZ\" frameborder=\"0\" marginwidth=\"0\" marginheight=\"0\" scrolling=\"no\" class=\"wp-embedded-content\"><\/iframe><script type=\"text\/javascript\">\n\/* <![CDATA[ *\/\n\/*! This file is auto-generated *\/\n!function(d,l){\"use strict\";l.querySelector&&d.addEventListener&&\"undefined\"!=typeof URL&&(d.wp=d.wp||{},d.wp.receiveEmbedMessage||(d.wp.receiveEmbedMessage=function(e){var t=e.data;if((t||t.secret||t.message||t.value)&&!\/[^a-zA-Z0-9]\/.test(t.secret)){for(var s,r,n,a=l.querySelectorAll('iframe[data-secret=\"'+t.secret+'\"]'),o=l.querySelectorAll('blockquote[data-secret=\"'+t.secret+'\"]'),c=new RegExp(\"^https?:$\",\"i\"),i=0;i<o.length;i++)o[i].style.display=\"none\";for(i=0;i<a.length;i++)s=a[i],e.source===s.contentWindow&&(s.removeAttribute(\"style\"),\"height\"===t.message?(1e3<(r=parseInt(t.value,10))?r=1e3:~~r<200&&(r=200),s.height=r):\"link\"===t.message&&(r=new URL(s.getAttribute(\"src\")),n=new URL(t.value),c.test(n.protocol))&&n.host===r.host&&l.activeElement===s&&(d.top.location.href=t.value))}},d.addEventListener(\"message\",d.wp.receiveEmbedMessage,!1),l.addEventListener(\"DOMContentLoaded\",function(){for(var e,t,s=l.querySelectorAll(\"iframe.wp-embedded-content\"),r=0;r<s.length;r++)(t=(e=s[r]).getAttribute(\"data-secret\"))||(t=Math.random().toString(36).substring(2,12),e.src+=\"#?secret=\"+t,e.setAttribute(\"data-secret\",t)),e.contentWindow.postMessage({message:\"ready\",secret:t},\"*\")},!1)))}(window,document);\n\/\/# sourceURL=https:\/\/www.och-lco.ca\/wp-includes\/js\/wp-embed.min.js\n\/* ]]> *\/\n<\/script>\n","thumbnail_url":"https:\/\/www.och-lco.ca\/wp-content\/uploads\/2022\/12\/Partners-Forum-header-04.png","thumbnail_width":1282,"thumbnail_height":386,"description":"Merci aux participants du Forum des partenaires de LCO &#8211; \u00e9dition 2018 Conf\u00e9rencier et invit\u00e9 sp\u00e9cial Mark Black, Biographie (anglais seulement) Tables de Synergies: Promotion de la sant\u00e9 mentale \u00e0 Ottawa Carole Legault, agente de projet, \u00c9quipe de sant\u00e9 mentale, Sant\u00e9 publique Ottawa Cette table de synergie donnera aux participants un aper\u00e7u des principaux r\u00e9sultats..."}

Société de logement communautaire d’Ottawa

Forum des partenaires de LCO - édition 2018 - Société de logement communautaire d’Ottawa

<blockquote class="wp-embedded-content" data-secret="pd3KfM14IZ"><a href="https://www.och-lco.ca/fr/lcofp18/">Forum des partenaires de LCO &#8211; édition 2018</a></blockquote><iframe sandbox="allow-scripts" security="restricted" src="https://www.och-lco.ca/fr/lcofp18/embed/#?secret=pd3KfM14IZ" width="600" height="338" title="« Forum des partenaires de LCO &#8211; édition 2018 » &#8212; Société de logement communautaire d’Ottawa" data-secret="pd3KfM14IZ" frameborder="0" marginwidth="0" marginheight="0" scrolling="no" class="wp-embedded-content"></iframe><script type="text/javascript">
/* <![CDATA[ */
/*! This file is auto-generated */
!function(d,l){"use strict";l.querySelector&&d.addEventListener&&"undefined"!=typeof URL&&(d.wp=d.wp||{},d.wp.receiveEmbedMessage||(d.wp.receiveEmbedMessage=function(e){var t=e.data;if((t||t.secret||t.message||t.value)&&!/[^a-zA-Z0-9]/.test(t.secret)){for(var s,r,n,a=l.querySelectorAll('iframe[data-secret="'+t.secret+'"]'),o=l.querySelectorAll('blockquote[data-secret="'+t.secret+'"]'),c=new RegExp("^https?:$","i"),i=0;i<o.length;i++)o[i].style.display="none";for(i=0;i<a.length;i++)s=a[i],e.source===s.contentWindow&&(s.removeAttribute("style"),"height"===t.message?(1e3<(r=parseInt(t.value,10))?r=1e3:~~r<200&&(r=200),s.height=r):"link"===t.message&&(r=new URL(s.getAttribute("src")),n=new URL(t.value),c.test(n.protocol))&&n.host===r.host&&l.activeElement===s&&(d.top.location.href=t.value))}},d.addEventListener("message",d.wp.receiveEmbedMessage,!1),l.addEventListener("DOMContentLoaded",function(){for(var e,t,s=l.querySelectorAll("iframe.wp-embedded-content"),r=0;r<s.length;r++)(t=(e=s[r]).getAttribute("data-secret"))||(t=Math.random().toString(36).substring(2,12),e.src+="#?secret="+t,e.setAttribute("data-secret",t)),e.contentWindow.postMessage({message:"ready",secret:t},"*")},!1)))}(window,document);
//# sourceURL=https://www.och-lco.ca/wp-includes/js/wp-embed.min.js
/* ]]> */
</script>

Merci aux participants du Forum des partenaires de LCO &#8211; édition 2018 Conférencier et invité spécial Mark Black, Biographie (anglais seulement) Tables de Synergies: Promotion de la santé mentale à Ottawa Carole Legault, agente de projet, Équipe de santé mentale, Santé publique Ottawa Cette table de synergie donnera aux participants un aperçu des principaux résultats...
