{"version":"1.0","provider_name":"Soci\u00e9t\u00e9 de logement communautaire d\u2019Ottawa","provider_url":"https:\/\/www.och-lco.ca\/fr\/","author_name":"Christa Irakoze","author_url":"https:\/\/www.och-lco.ca\/fr\/author\/zm643eg85dcx\/","title":"Pleins feux sur l'excellence noire : rencontre avec Teju - Soci\u00e9t\u00e9 de logement communautaire d\u2019Ottawa","type":"rich","width":600,"height":338,"html":"<blockquote class=\"wp-embedded-content\" data-secret=\"2jXEtZGDaw\"><a href=\"https:\/\/www.och-lco.ca\/fr\/rencontre-avec-teju\/\">Pleins feux sur l&rsquo;excellence noire : rencontre avec Teju<\/a><\/blockquote><iframe sandbox=\"allow-scripts\" security=\"restricted\" src=\"https:\/\/www.och-lco.ca\/fr\/rencontre-avec-teju\/embed\/#?secret=2jXEtZGDaw\" width=\"600\" height=\"338\" title=\"\u00ab\u00a0Pleins feux sur l&rsquo;excellence noire : rencontre avec Teju\u00a0\u00bb &#8212; Soci\u00e9t\u00e9 de logement communautaire d\u2019Ottawa\" data-secret=\"2jXEtZGDaw\" frameborder=\"0\" marginwidth=\"0\" marginheight=\"0\" scrolling=\"no\" class=\"wp-embedded-content\"><\/iframe><script type=\"text\/javascript\">\n\/* <![CDATA[ *\/\n\/*! This file is auto-generated *\/\n!function(d,l){\"use strict\";l.querySelector&&d.addEventListener&&\"undefined\"!=typeof URL&&(d.wp=d.wp||{},d.wp.receiveEmbedMessage||(d.wp.receiveEmbedMessage=function(e){var t=e.data;if((t||t.secret||t.message||t.value)&&!\/[^a-zA-Z0-9]\/.test(t.secret)){for(var s,r,n,a=l.querySelectorAll('iframe[data-secret=\"'+t.secret+'\"]'),o=l.querySelectorAll('blockquote[data-secret=\"'+t.secret+'\"]'),c=new RegExp(\"^https?:$\",\"i\"),i=0;i<o.length;i++)o[i].style.display=\"none\";for(i=0;i<a.length;i++)s=a[i],e.source===s.contentWindow&&(s.removeAttribute(\"style\"),\"height\"===t.message?(1e3<(r=parseInt(t.value,10))?r=1e3:~~r<200&&(r=200),s.height=r):\"link\"===t.message&&(r=new URL(s.getAttribute(\"src\")),n=new URL(t.value),c.test(n.protocol))&&n.host===r.host&&l.activeElement===s&&(d.top.location.href=t.value))}},d.addEventListener(\"message\",d.wp.receiveEmbedMessage,!1),l.addEventListener(\"DOMContentLoaded\",function(){for(var e,t,s=l.querySelectorAll(\"iframe.wp-embedded-content\"),r=0;r<s.length;r++)(t=(e=s[r]).getAttribute(\"data-secret\"))||(t=Math.random().toString(36).substring(2,12),e.src+=\"#?secret=\"+t,e.setAttribute(\"data-secret\",t)),e.contentWindow.postMessage({message:\"ready\",secret:t},\"*\")},!1)))}(window,document);\n\/\/# sourceURL=https:\/\/www.och-lco.ca\/wp-includes\/js\/wp-embed.min.js\n\/* ]]> *\/\n<\/script>\n","thumbnail_url":"https:\/\/www.och-lco.ca\/wp-content\/uploads\/2025\/02\/Web-Teju-FR.png","thumbnail_width":940,"thumbnail_height":788,"description":"F\u00e9vrier est le Mois de l&rsquo;Histoire des Noirs \u2014 un moment pour c\u00e9l\u00e9brer les r\u00e9alisations, les contributions et les voix des personnes noires dans notre communaut\u00e9. \u00c0 la Soci\u00e9t\u00e9 de logement communautaire de LCO, nous sommes fiers de mettre en lumi\u00e8re les individus incroyables qui contribuent chaque jour \u00e0 fa\u00e7onner notre organisation. Pour commencer notre..."}

Société de logement communautaire d’Ottawa

Pleins feux sur l'excellence noire : rencontre avec Teju - Société de logement communautaire d’Ottawa

<blockquote class="wp-embedded-content" data-secret="2jXEtZGDaw"><a href="https://www.och-lco.ca/fr/rencontre-avec-teju/">Pleins feux sur l&rsquo;excellence noire : rencontre avec Teju</a></blockquote><iframe sandbox="allow-scripts" security="restricted" src="https://www.och-lco.ca/fr/rencontre-avec-teju/embed/#?secret=2jXEtZGDaw" width="600" height="338" title="« Pleins feux sur l&rsquo;excellence noire : rencontre avec Teju » &#8212; Société de logement communautaire d’Ottawa" data-secret="2jXEtZGDaw" frameborder="0" marginwidth="0" marginheight="0" scrolling="no" class="wp-embedded-content"></iframe><script type="text/javascript">
/* <![CDATA[ */
/*! This file is auto-generated */
!function(d,l){"use strict";l.querySelector&&d.addEventListener&&"undefined"!=typeof URL&&(d.wp=d.wp||{},d.wp.receiveEmbedMessage||(d.wp.receiveEmbedMessage=function(e){var t=e.data;if((t||t.secret||t.message||t.value)&&!/[^a-zA-Z0-9]/.test(t.secret)){for(var s,r,n,a=l.querySelectorAll('iframe[data-secret="'+t.secret+'"]'),o=l.querySelectorAll('blockquote[data-secret="'+t.secret+'"]'),c=new RegExp("^https?:$","i"),i=0;i<o.length;i++)o[i].style.display="none";for(i=0;i<a.length;i++)s=a[i],e.source===s.contentWindow&&(s.removeAttribute("style"),"height"===t.message?(1e3<(r=parseInt(t.value,10))?r=1e3:~~r<200&&(r=200),s.height=r):"link"===t.message&&(r=new URL(s.getAttribute("src")),n=new URL(t.value),c.test(n.protocol))&&n.host===r.host&&l.activeElement===s&&(d.top.location.href=t.value))}},d.addEventListener("message",d.wp.receiveEmbedMessage,!1),l.addEventListener("DOMContentLoaded",function(){for(var e,t,s=l.querySelectorAll("iframe.wp-embedded-content"),r=0;r<s.length;r++)(t=(e=s[r]).getAttribute("data-secret"))||(t=Math.random().toString(36).substring(2,12),e.src+="#?secret="+t,e.setAttribute("data-secret",t)),e.contentWindow.postMessage({message:"ready",secret:t},"*")},!1)))}(window,document);
//# sourceURL=https://www.och-lco.ca/wp-includes/js/wp-embed.min.js
/* ]]> */
</script>

Février est le Mois de l&rsquo;Histoire des Noirs — un moment pour célébrer les réalisations, les contributions et les voix des personnes noires dans notre communauté. À la Société de logement communautaire de LCO, nous sommes fiers de mettre en lumière les individus incroyables qui contribuent chaque jour à façonner notre organisation. Pour commencer notre...
