{"id":12532,"date":"2023-06-15T13:18:12","date_gmt":"2023-06-15T17:18:12","guid":{"rendered":"https:\/\/www.och-lco.ca\/community-capital-fund\/"},"modified":"2026-02-06T12:39:52","modified_gmt":"2026-02-06T17:39:52","slug":"fonds-dimmobilisations-communautaires","status":"publish","type":"page","link":"https:\/\/www.och-lco.ca\/fr\/locataire\/fonds-dimmobilisations-communautaires\/","title":{"rendered":"Fonds d\u2019immobilisations communautaires"},"content":{"rendered":"\n<section class=\"section section--impact-area alignfull\" >\n  <div class=\"grid-container full fade-up-and-in\">\n    <div class=\"grid-x\">\n      <div class=\"cell medium-6\">\n                  <div class=\"impact-cell-inner text\">\n                          <h1>Fonds d\u2019immobilisations communautaires<\/h1>\n                                      <h3>Vous avez un projet en t\u00eate pour votre communaut\u00e9 ? Vous pouvez le faire financer gr\u00e2ce au Fonds d\u2019investissement communautaire de LCO.<\/h3>\n                                  <\/div>\n              <\/div>\n      <div class=\"cell medium-6\">\n                            <div class=\"impact-cell-inner image\">\n            <div class=\"impact-image\" style=\"background-image: url(https:\/\/www.och-lco.ca\/wp-content\/uploads\/2023\/10\/IMG_6893-centered-1920x1714.jpg); background-position: center center; background-size: cover; background-repeat: no-repeat;\"><\/div>\n          <\/div>\n                        <\/div>\n    <\/div>\n  <\/div>\n<\/section>\n\n\n\n<section class=\"section section--text-block alignfull bg-white\" >\n  <div class=\"grid-container\">\n    <div class=\"grid-x grid-padding-x align-middle \">\n      <div class=\"cell text-left\">\n                                  <div >\n            <p><!-- wp:paragraph --><\/p>\n<p><span data-contrast=\"none\">Le Fonds d&rsquo;investissement communautaire a \u00e9volu\u00e9 !\u00a0 Depuis son lancement en 2009, le programme aide les locataires \u00e0 s&rsquo;impliquer davantage dans leur quartier en finan\u00e7ant des am\u00e9liorations communautaires, des formations professionnelles et en r\u00e9novant des espaces partag\u00e9s.\u00a0<\/span><span data-ccp-props=\"{}\">\u00a0<\/span><\/p>\n<p><span data-contrast=\"none\">\u00c0 partir de 2025, nous avons apport\u00e9 des changements pour faciliter l&rsquo;utilisation du Fonds d&rsquo;investissement communautaire par les locataires. Le programme se concentrera d\u00e9sormais sur trois domaines :\u00a0\u00a0<\/span><span data-ccp-props=\"{}\">\u00a0<\/span><\/p>\n<ul>\n<li data-leveltext=\"\uf0b7\" data-font=\"Symbol\" data-listid=\"1\" data-list-defn-props=\"{&quot;335552541&quot;:1,&quot;335559685&quot;:720,&quot;335559991&quot;:360,&quot;469769226&quot;:&quot;Symbol&quot;,&quot;469769242&quot;:[8226],&quot;469777803&quot;:&quot;left&quot;,&quot;469777804&quot;:&quot;\uf0b7&quot;,&quot;469777815&quot;:&quot;hybridMultilevel&quot;}\" aria-setsize=\"-1\" data-aria-posinset=\"1\" data-aria-level=\"1\"><span data-contrast=\"none\">La r\u00e9paration et l&rsquo;am\u00e9lioration des espaces communs, tels que les cuisines de salon et les espaces ext\u00e9rieurs communs.\u00a0\u00a0\u00a0\u00a0<\/span><span data-ccp-props=\"{}\">\u00a0<\/span><\/li>\n<\/ul>\n<ul>\n<li data-leveltext=\"\uf0b7\" data-font=\"Symbol\" data-listid=\"1\" data-list-defn-props=\"{&quot;335552541&quot;:1,&quot;335559685&quot;:720,&quot;335559991&quot;:360,&quot;469769226&quot;:&quot;Symbol&quot;,&quot;469769242&quot;:[8226],&quot;469777803&quot;:&quot;left&quot;,&quot;469777804&quot;:&quot;\uf0b7&quot;,&quot;469777815&quot;:&quot;hybridMultilevel&quot;}\" aria-setsize=\"-1\" data-aria-posinset=\"2\" data-aria-level=\"1\"><span data-contrast=\"none\">Les achats op\u00e9rationnels.\u00a0 Il s&rsquo;agit d&rsquo;articles dont les communaut\u00e9s ont besoin dans les espaces communs pour mener \u00e0 bien les activit\u00e9s de d\u00e9veloppement communautaire. Il peut s&rsquo;agir par exemple de chaises, de tables, d&rsquo;un cong\u00e9lateur ou de casseroles.\u00a0\u00a0\u00a0<\/span><span data-ccp-props=\"{}\">\u00a0<\/span><\/li>\n<\/ul>\n<ul>\n<li data-leveltext=\"\uf0b7\" data-font=\"Symbol\" data-listid=\"1\" data-list-defn-props=\"{&quot;335552541&quot;:1,&quot;335559685&quot;:720,&quot;335559991&quot;:360,&quot;469769226&quot;:&quot;Symbol&quot;,&quot;469769242&quot;:[8226],&quot;469777803&quot;:&quot;left&quot;,&quot;469777804&quot;:&quot;\uf0b7&quot;,&quot;469777815&quot;:&quot;hybridMultilevel&quot;}\" aria-setsize=\"-1\" data-aria-posinset=\"3\" data-aria-level=\"1\"><span data-contrast=\"none\">Activit\u00e9s ou ateliers qui contribuent \u00e0 renforcer les comp\u00e9tences des locataires et \u00e0 r\u00e9pondre aux besoins de la communaut\u00e9.\u00a0 Par exemple, des peintures murales communautaires, la manipulation des aliments, les premiers secours et la r\u00e9solution des conflits, pour n&rsquo;en citer que quelques-uns.\u00a0<\/span><span data-ccp-props=\"{}\">\u00a0<\/span><\/li>\n<\/ul>\n<p><span data-contrast=\"none\">Votre agent(e) de d\u00e9veloppement communautaire peut vous donner plus d&rsquo;informations. Si vous ne savez pas qui c&rsquo;est, il suffit de l&rsquo;appeler LCO au 613-731-1182 et de suivre les instructions.\u00a0 <\/span><span data-ccp-props=\"{}\">\u00a0<\/span><\/p>\n<p><!-- \/wp:paragraph --><\/p>\n          <\/div>\n                      <\/div>\n    <\/div>\n  <\/div>\n<\/section>\n\n\n\n<section class=\"section section--text-banner alignfull \" >\n  <div class=\"grid-container\">\n    <div class=\"grid-x grid-padding-x align-middle\">\n      <div class=\"cell text-center\">\n        <div class=\"text-banner-inner\">\n                                <h3>En 2025<\/h3>\n                                <h1 style=\"text-align: center;\"><strong>150,000 <\/strong><strong>$<\/strong><\/h1>\n<p style=\"text-align: center;\">ont \u00e9t\u00e9 investis dans le <span class=\"TextRun SCXW121720413 BCX0\" lang=\"FR-CA\" xml:lang=\"FR-CA\" data-contrast=\"none\"><span class=\"NormalTextRun SCXW121720413 BCX0\">Fonds d&rsquo;investissement communautaire<\/span><\/span><\/p>\n<h1 style=\"text-align: center;\"><strong>103<\/strong><\/h1>\n<p style=\"text-align: center;\">projets ont \u00e9t\u00e9 compl\u00e9t\u00e9s<\/p>\n                            <\/div>\n      <\/div>\n    <\/div>\n  <\/div>\n<\/section>\n\n\n\n<div style=\"height:100px\" aria-hidden=\"true\" class=\"wp-block-spacer\"><\/div>\n\n\n\n<section class=\"section section--post-category alignfull bg-property-grey-light\" >\n  <div class=\"grid-container\">\n    <div class=\"grid-x grid-padding-x align-middle\">\n      <div class=\"cell medium-10\">\n                  <h2>Ne manquez pas de lire les histoires inspirantes de projets financ\u00e9s par le Fonds d\u2019immobilisations communautaires.<\/h2>\n                      <\/div>\n    <\/div>\n    <div class=\"grid-x grid-padding-x post-category-grid\">\n                      <div class=\"cell medium-6 large-4\">\n                    \t<div class=\"featured-img-thumbnail\" style=\"background-image: url(https:\/\/www.och-lco.ca\/wp-content\/uploads\/2025\/09\/Mural-gourp-scaled.jpg); background-size: cover; background-position: center center; background-repeat: no-repeat;\"><\/div>\n                                <h5>17 septembre 2025<\/h5>\n                    <h4>Les r\u00e9sidents c\u00e9l\u00e8brent la communaut\u00e9 de Banff-Ledbury avec la murale \u00ab\u00a0Joy\u00a0\u00bb\u00a0<\/h4>\n                    <a href=\"https:\/\/www.och-lco.ca\/fr\/les-residents-celebrent-la-communaute-de-banff-ledbury-avec-la-murale-joy\/\">\n                          Lire l&rsquo;article                      <\/a>\n        <\/div>\n                <div class=\"cell medium-6 large-4\">\n                    \t<div class=\"featured-img-thumbnail\" style=\"background-image: url(https:\/\/www.och-lco.ca\/wp-content\/uploads\/2025\/04\/20250108_113743-scaled.jpg); background-size: cover; background-position: center center; background-repeat: no-repeat;\"><\/div>\n                                <h5>8 avril 2025<\/h5>\n                    <h4>Le Fonds d\u2019immobilisations communautaires aide \u00e0 fournir des espaces pour cr\u00e9er des liens\u00a0\u00a0<\/h4>\n                    <a href=\"https:\/\/www.och-lco.ca\/fr\/community-capital-fund-helps-to-provide-spaces-to-make-connections\/\">\n                          Lire l&rsquo;article                      <\/a>\n        <\/div>\n                <div class=\"cell medium-6 large-4\">\n                    \t<div class=\"featured-img-thumbnail\" style=\"background-image: url(https:\/\/www.och-lco.ca\/wp-content\/uploads\/2024\/11\/Media-2024-11-15T094249.687.jpeg); background-size: cover; background-position: center center; background-repeat: no-repeat;\"><\/div>\n                                <h5>15 novembre 2024<\/h5>\n                    <h4>Projet du Fonds d\u2019immobilisations communautaires \u00a0: De bonnes choses se passent \u00e0 la maison des jeunes de Friel\u00a0<\/h4>\n                    <a href=\"https:\/\/www.och-lco.ca\/fr\/ccf-project-good-things-are-cooking-at-friel-youth-house\/\">\n                          Lire l&rsquo;article                      <\/a>\n        <\/div>\n                  <\/div>\n      <\/div>\n<\/section>\n","protected":false},"excerpt":{"rendered":"","protected":false},"author":12,"featured_media":15565,"parent":13178,"menu_order":0,"comment_status":"closed","ping_status":"closed","template":"","meta":{"_acf_changed":true,"footnotes":""},"class_list":["post-12532","page","type-page","status-publish","has-post-thumbnail","hentry"],"acf":[],"_links":{"self":[{"href":"https:\/\/www.och-lco.ca\/fr\/wp-json\/wp\/v2\/pages\/12532","targetHints":{"allow":["GET"]}}],"collection":[{"href":"https:\/\/www.och-lco.ca\/fr\/wp-json\/wp\/v2\/pages"}],"about":[{"href":"https:\/\/www.och-lco.ca\/fr\/wp-json\/wp\/v2\/types\/page"}],"author":[{"embeddable":true,"href":"https:\/\/www.och-lco.ca\/fr\/wp-json\/wp\/v2\/users\/12"}],"replies":[{"embeddable":true,"href":"https:\/\/www.och-lco.ca\/fr\/wp-json\/wp\/v2\/comments?post=12532"}],"version-history":[{"count":0,"href":"https:\/\/www.och-lco.ca\/fr\/wp-json\/wp\/v2\/pages\/12532\/revisions"}],"up":[{"embeddable":true,"href":"https:\/\/www.och-lco.ca\/fr\/wp-json\/wp\/v2\/pages\/13178"}],"wp:featuredmedia":[{"embeddable":true,"href":"https:\/\/www.och-lco.ca\/fr\/wp-json\/wp\/v2\/media\/15565"}],"wp:attachment":[{"href":"https:\/\/www.och-lco.ca\/fr\/wp-json\/wp\/v2\/media?parent=12532"}],"curies":[{"name":"wp","href":"https:\/\/api.w.org\/{rel}","templated":true}]}}

<section class="section section--impact-area alignfull" >
  <div class="grid-container full fade-up-and-in">
    <div class="grid-x">
      <div class="cell medium-6">
                  <div class="impact-cell-inner text">
                          <h1>Fonds d’immobilisations communautaires</h1>
                                      <h3>Vous avez un projet en tête pour votre communauté ? Vous pouvez le faire financer grâce au Fonds d’investissement communautaire de LCO.</h3>
                                  </div>
              </div>
      <div class="cell medium-6">
                            <div class="impact-cell-inner image">
            <div class="impact-image" style="background-image: url(https://www.och-lco.ca/wp-content/uploads/2023/10/IMG_6893-centered-1920x1714.jpg); background-position: center center; background-size: cover; background-repeat: no-repeat;"></div>
          </div>
                        </div>
    </div>
  </div>
</section>



<section class="section section--text-block alignfull bg-white" >
  <div class="grid-container">
    <div class="grid-x grid-padding-x align-middle ">
      <div class="cell text-left">
                                  <div >
            <p><!-- wp:paragraph --></p>
<p><span data-contrast="none">Le Fonds d&rsquo;investissement communautaire a évolué !  Depuis son lancement en 2009, le programme aide les locataires à s&rsquo;impliquer davantage dans leur quartier en finançant des améliorations communautaires, des formations professionnelles et en rénovant des espaces partagés. </span><span data-ccp-props="{}"> </span></p>
<p><span data-contrast="none">À partir de 2025, nous avons apporté des changements pour faciliter l&rsquo;utilisation du Fonds d&rsquo;investissement communautaire par les locataires. Le programme se concentrera désormais sur trois domaines :  </span><span data-ccp-props="{}"> </span></p>
<ul>
<li data-leveltext="" data-font="Symbol" data-listid="1" data-list-defn-props="{&quot;335552541&quot;:1,&quot;335559685&quot;:720,&quot;335559991&quot;:360,&quot;469769226&quot;:&quot;Symbol&quot;,&quot;469769242&quot;:[8226],&quot;469777803&quot;:&quot;left&quot;,&quot;469777804&quot;:&quot;&quot;,&quot;469777815&quot;:&quot;hybridMultilevel&quot;}" aria-setsize="-1" data-aria-posinset="1" data-aria-level="1"><span data-contrast="none">La réparation et l&rsquo;amélioration des espaces communs, tels que les cuisines de salon et les espaces extérieurs communs.    </span><span data-ccp-props="{}"> </span></li>
</ul>
<ul>
<li data-leveltext="" data-font="Symbol" data-listid="1" data-list-defn-props="{&quot;335552541&quot;:1,&quot;335559685&quot;:720,&quot;335559991&quot;:360,&quot;469769226&quot;:&quot;Symbol&quot;,&quot;469769242&quot;:[8226],&quot;469777803&quot;:&quot;left&quot;,&quot;469777804&quot;:&quot;&quot;,&quot;469777815&quot;:&quot;hybridMultilevel&quot;}" aria-setsize="-1" data-aria-posinset="2" data-aria-level="1"><span data-contrast="none">Les achats opérationnels.  Il s&rsquo;agit d&rsquo;articles dont les communautés ont besoin dans les espaces communs pour mener à bien les activités de développement communautaire. Il peut s&rsquo;agir par exemple de chaises, de tables, d&rsquo;un congélateur ou de casseroles.   </span><span data-ccp-props="{}"> </span></li>
</ul>
<ul>
<li data-leveltext="" data-font="Symbol" data-listid="1" data-list-defn-props="{&quot;335552541&quot;:1,&quot;335559685&quot;:720,&quot;335559991&quot;:360,&quot;469769226&quot;:&quot;Symbol&quot;,&quot;469769242&quot;:[8226],&quot;469777803&quot;:&quot;left&quot;,&quot;469777804&quot;:&quot;&quot;,&quot;469777815&quot;:&quot;hybridMultilevel&quot;}" aria-setsize="-1" data-aria-posinset="3" data-aria-level="1"><span data-contrast="none">Activités ou ateliers qui contribuent à renforcer les compétences des locataires et à répondre aux besoins de la communauté.  Par exemple, des peintures murales communautaires, la manipulation des aliments, les premiers secours et la résolution des conflits, pour n&rsquo;en citer que quelques-uns. </span><span data-ccp-props="{}"> </span></li>
</ul>
<p><span data-contrast="none">Votre agent(e) de développement communautaire peut vous donner plus d&rsquo;informations. Si vous ne savez pas qui c&rsquo;est, il suffit de l&rsquo;appeler LCO au 613-731-1182 et de suivre les instructions.  </span><span data-ccp-props="{}"> </span></p>
<p><!-- /wp:paragraph --></p>
          </div>
                      </div>
    </div>
  </div>
</section>



<section class="section section--text-banner alignfull " >
  <div class="grid-container">
    <div class="grid-x grid-padding-x align-middle">
      <div class="cell text-center">
        <div class="text-banner-inner">
                                <h3>En 2025</h3>
                                <h1 style="text-align: center;"><strong>150,000 </strong><strong>$</strong></h1>
<p style="text-align: center;">ont été investis dans le <span class="TextRun SCXW121720413 BCX0" lang="FR-CA" xml:lang="FR-CA" data-contrast="none"><span class="NormalTextRun SCXW121720413 BCX0">Fonds d&rsquo;investissement communautaire</span></span></p>
<h1 style="text-align: center;"><strong>103</strong></h1>
<p style="text-align: center;">projets ont été complétés</p>
                            </div>
      </div>
    </div>
  </div>
</section>



<div style="height:100px" aria-hidden="true" class="wp-block-spacer"></div>



<section class="section section--post-category alignfull bg-property-grey-light" >
  <div class="grid-container">
    <div class="grid-x grid-padding-x align-middle">
      <div class="cell medium-10">
                  <h2>Ne manquez pas de lire les histoires inspirantes de projets financés par le Fonds d’immobilisations communautaires.</h2>
                      </div>
    </div>
    <div class="grid-x grid-padding-x post-category-grid">
                      <div class="cell medium-6 large-4">
                    	<div class="featured-img-thumbnail" style="background-image: url(https://www.och-lco.ca/wp-content/uploads/2025/09/Mural-gourp-scaled.jpg); background-size: cover; background-position: center center; background-repeat: no-repeat;"></div>
                                <h5>17 septembre 2025</h5>
                    <h4>Les résidents célèbrent la communauté de Banff-Ledbury avec la murale « Joy » </h4>
                    <a href="https://www.och-lco.ca/fr/les-residents-celebrent-la-communaute-de-banff-ledbury-avec-la-murale-joy/">
                          Lire l&rsquo;article                      </a>
        </div>
                <div class="cell medium-6 large-4">
                    	<div class="featured-img-thumbnail" style="background-image: url(https://www.och-lco.ca/wp-content/uploads/2025/04/20250108_113743-scaled.jpg); background-size: cover; background-position: center center; background-repeat: no-repeat;"></div>
                                <h5>8 avril 2025</h5>
                    <h4>Le Fonds d’immobilisations communautaires aide à fournir des espaces pour créer des liens  </h4>
                    <a href="https://www.och-lco.ca/fr/community-capital-fund-helps-to-provide-spaces-to-make-connections/">
                          Lire l&rsquo;article                      </a>
        </div>
                <div class="cell medium-6 large-4">
                    	<div class="featured-img-thumbnail" style="background-image: url(https://www.och-lco.ca/wp-content/uploads/2024/11/Media-2024-11-15T094249.687.jpeg); background-size: cover; background-position: center center; background-repeat: no-repeat;"></div>
                                <h5>15 novembre 2024</h5>
                    <h4>Projet du Fonds d’immobilisations communautaires  : De bonnes choses se passent à la maison des jeunes de Friel </h4>
                    <a href="https://www.och-lco.ca/fr/ccf-project-good-things-are-cooking-at-friel-youth-house/">
                          Lire l&rsquo;article                      </a>
        </div>
                  </div>
      </div>
</section>
